{"id":102,"date":"2025-12-11T17:02:50","date_gmt":"2025-12-11T16:02:50","guid":{"rendered":"https:\/\/awenne.famille-somers.be\/?page_id=102"},"modified":"2026-02-05T14:07:05","modified_gmt":"2026-02-05T13:07:05","slug":"tv","status":"publish","type":"page","link":"http:\/\/awenne.famille-somers.be\/index.php\/tv\/","title":{"rendered":"TV"},"content":{"rendered":"\n<p>Commande t\u00e9l\u00e9viseur&nbsp;: Philips<\/p>\n\n\n\n<ul class=\"wp-block-list\">\n<li><span style=\"font-size: revert;\">Sources=HDMI&nbsp;: chaines belges [RTBF]  (t\u00e9l\u00e9commande Takara)<\/span><\/li>\n\n\n\n<li>Sources=Satellite&nbsp;: chaines fran\u00e7aises [Fransat] (t\u00e9l\u00e9commande Philips)\n<ul class=\"wp-block-list\">\n<li>Par grand vent (ce qui est tout de m\u00eame assez fr\u00e9quent au chalet), il se peut que certaines chaines soient r\u00e9guli\u00e8rement interrompues (pas de signal) : une solution \u00e9ventuelle et de regarder les chaines en question via un ordinateur et une connection via un c\u00e2ble HDMI (Sources=HDMI side)<\/li>\n<\/ul>\n<\/li>\n\n\n\n<li>Sources=HDMI side : appareil connect\u00e9 via un c\u00e2ble HDMI sur le c\u00f4t\u00e9 gauche (par exemple un ordinateur)<\/li>\n\n\n\n<li>Le code PIN est fr\u00e9quemment demand\u00e9 (\u00e0 chaque changement de chaine). Il suffit que cliquer sur OK sur la t\u00e9l\u00e9commande Philipps (il n\u2019est pas n\u00e9cessaire d\u2019introduire le code PIN)<\/li>\n<\/ul>\n\n\n\n<figure class=\"wp-block-image size-full\"><img loading=\"lazy\" decoding=\"async\" width=\"220\" height=\"290\" src=\"https:\/\/awenne.famille-somers.be\/wp-content\/uploads\/2025\/12\/TV-telecommande.jpg\" alt=\"\" class=\"wp-image-103\"\/><\/figure>\n\n\n\n<figure class=\"wp-block-image size-large is-resized\"><img loading=\"lazy\" decoding=\"async\" width=\"1024\" height=\"639\" src=\"https:\/\/awenne.famille-somers.be\/wp-content\/uploads\/2026\/01\/TV-sources-1024x639.jpg\" alt=\"\" class=\"wp-image-245\" style=\"width:680px;height:auto\" srcset=\"http:\/\/awenne.famille-somers.be\/wp-content\/uploads\/2026\/01\/TV-sources-1024x639.jpg 1024w, http:\/\/awenne.famille-somers.be\/wp-content\/uploads\/2026\/01\/TV-sources-300x187.jpg 300w, http:\/\/awenne.famille-somers.be\/wp-content\/uploads\/2026\/01\/TV-sources-768x479.jpg 768w, http:\/\/awenne.famille-somers.be\/wp-content\/uploads\/2026\/01\/TV-sources-1536x958.jpg 1536w, http:\/\/awenne.famille-somers.be\/wp-content\/uploads\/2026\/01\/TV-sources-2048x1277.jpg 2048w\" sizes=\"auto, (max-width: 1024px) 100vw, 1024px\" \/><\/figure>\n","protected":false},"excerpt":{"rendered":"<p>Commande t\u00e9l\u00e9viseur&nbsp;: Philips<\/p>\n","protected":false},"author":1,"featured_media":0,"parent":0,"menu_order":0,"comment_status":"closed","ping_status":"closed","template":"","meta":{"_kadence_starter_templates_imported_post":false,"_kad_post_transparent":"","_kad_post_title":"","_kad_post_layout":"","_kad_post_sidebar_id":"","_kad_post_content_style":"","_kad_post_vertical_padding":"","_kad_post_feature":"","_kad_post_feature_position":"","_kad_post_header":false,"_kad_post_footer":false,"_kad_post_classname":"","footnotes":""},"class_list":["post-102","page","type-page","status-publish","hentry"],"_links":{"self":[{"href":"http:\/\/awenne.famille-somers.be\/index.php\/wp-json\/wp\/v2\/pages\/102","targetHints":{"allow":["GET"]}}],"collection":[{"href":"http:\/\/awenne.famille-somers.be\/index.php\/wp-json\/wp\/v2\/pages"}],"about":[{"href":"http:\/\/awenne.famille-somers.be\/index.php\/wp-json\/wp\/v2\/types\/page"}],"author":[{"embeddable":true,"href":"http:\/\/awenne.famille-somers.be\/index.php\/wp-json\/wp\/v2\/users\/1"}],"replies":[{"embeddable":true,"href":"http:\/\/awenne.famille-somers.be\/index.php\/wp-json\/wp\/v2\/comments?post=102"}],"version-history":[{"count":5,"href":"http:\/\/awenne.famille-somers.be\/index.php\/wp-json\/wp\/v2\/pages\/102\/revisions"}],"predecessor-version":[{"id":263,"href":"http:\/\/awenne.famille-somers.be\/index.php\/wp-json\/wp\/v2\/pages\/102\/revisions\/263"}],"wp:attachment":[{"href":"http:\/\/awenne.famille-somers.be\/index.php\/wp-json\/wp\/v2\/media?parent=102"}],"curies":[{"name":"wp","href":"https:\/\/api.w.org\/{rel}","templated":true}]}}