{"id":130,"date":"2025-12-12T14:43:29","date_gmt":"2025-12-12T13:43:29","guid":{"rendered":"https:\/\/awenne.famille-somers.be\/?page_id=130"},"modified":"2025-12-12T14:43:29","modified_gmt":"2025-12-12T13:43:29","slug":"eau-de-citerne-eau-de-pluie-2","status":"publish","type":"page","link":"http:\/\/awenne.famille-somers.be\/index.php\/eau-de-citerne-eau-de-pluie-2\/","title":{"rendered":"Eau de citerne (eau de pluie)"},"content":{"rendered":"\n<p>Une citerne \u00ab\u00a0eau de pluie\u00a0\u00bb r\u00e9cup\u00e8re l\u2019eau de pluie provenant du toit via les 2 goutti\u00e8res.<\/p>\n\n\n\n<p>L\u2019eau arrive d\u2019abord dans un filtre (regard 1), qu\u2019il faut nettoyer tous les 2 mois environ (en fonction des pluies et la saison -feuilles pr\u00e9sentes sur le toit-), avant de se d\u00e9verser dans une citerne de 10.000 litres.<\/p>\n\n\n\n<p>Une pompe r\u00e9cup\u00e8re cette eau pour alimenter les points suivants&nbsp;:<\/p>\n\n\n\n<ul class=\"wp-block-list\">\n<li>WC\u00a0: arriv\u00e9e de droite (tuyau blanc)<\/li>\n\n\n\n<li>WC salle de bain<\/li>\n\n\n\n<li>Machine \u00e0 lessiver : arriv\u00e9e de gauche (tuyau blanc)<\/li>\n\n\n\n<li>Robinet \u00e9vier du garage (tuyau blanc)<\/li>\n<\/ul>\n\n\n\n<p>Si l\u2019eau n\u2019arrive pas \u00e0 ces points&nbsp;:<\/p>\n\n\n\n<ul class=\"wp-block-list\">\n<li>La pompe est-elle bien aliment\u00e9e en courant\u00a0?<\/li>\n\n\n\n<li>La pompe est-elle bien amorc\u00e9e\u00a0(si non\u00a0: led\u00a0orange) ? Tourner le bouton orange vers\u00a0<em>Start<\/em>.<\/li>\n\n\n\n<li>Les vannes sont-elles bien ouvertes\u00a0? horizontales de chaque c\u00f4t\u00e9 des 3 filtres<\/li>\n\n\n\n<li>Si la pompe tourne sans arr\u00eat, elle n\u2019arrive pas \u00e0 pomper l\u2019eau<ul><li>Il n\u2019y a plus d\u2019eau dans le corps de pompe<ul><li>D\u00e9brancher la pompe<\/li><\/ul><ul><li>Ouvrir le bouton plastique transparent et un de 2 petits bouchons orange du dessus<\/li><\/ul><ul><li>Remplir d\u2019eau la pompe via l\u2019ouverture du bouton plastique transparent jusqu\u2019au moment o\u00f9 l\u2019eau sort de la sortie sup\u00e9rieure lib\u00e9r\u00e9e du bouton orange (utiliser le robinet droit \u00e0 l\u2019\u00e9vier du garage)<\/li><\/ul><ul><li>Bien refermer les 2 bouchons (transparent et orange)<\/li><\/ul><ul><li>Rebrancher la pompe<\/li><\/ul><ul><li>Tourner le bouton orange vers\u00a0<em>Start<\/em><\/li><\/ul><\/li><\/ul>\n<ul class=\"wp-block-list\">\n<li>Il n\u2019y a plus d\u2019eau dans la citerne (peu probable vu la contenance 10000 l)<ul><li>D\u00e9brancher la pompe<\/li><\/ul><ul><li>V\u00e9rifier le niveau dans la citerne<\/li><\/ul><ul><li>Passer le WC sur l\u2019eau du puits (fermer robinet droit, ouvrir robinet gauche)<\/li><\/ul><ul><li>Passer la machine \u00e0 lessiver sur l\u2019eau du puits (d\u00e9placer le raccord du robinet gauche vers le robinet droit)<\/li><\/ul>\n<ul class=\"wp-block-list\">\n<li>Ne plus utiliser le WC de la salle de bain (ou utiliser un seau d\u2019eau)<\/li>\n<\/ul>\n<\/li>\n<\/ul>\n<\/li>\n<\/ul>\n\n\n\n<figure class=\"wp-block-image size-full\"><img loading=\"lazy\" decoding=\"async\" width=\"320\" height=\"240\" src=\"https:\/\/awenne.famille-somers.be\/wp-content\/uploads\/2025\/12\/eau-de-pluie-1.jpg\" alt=\"\" class=\"wp-image-131\" srcset=\"http:\/\/awenne.famille-somers.be\/wp-content\/uploads\/2025\/12\/eau-de-pluie-1.jpg 320w, http:\/\/awenne.famille-somers.be\/wp-content\/uploads\/2025\/12\/eau-de-pluie-1-300x225.jpg 300w\" sizes=\"auto, (max-width: 320px) 100vw, 320px\" \/><\/figure>\n","protected":false},"excerpt":{"rendered":"<p>Une citerne \u00ab\u00a0eau de pluie\u00a0\u00bb r\u00e9cup\u00e8re l\u2019eau de pluie provenant du toit via les 2 goutti\u00e8res. L\u2019eau arrive d\u2019abord dans un filtre (regard 1), qu\u2019il faut nettoyer tous les 2 mois environ (en fonction des pluies et la saison -feuilles pr\u00e9sentes sur le toit-), avant de se d\u00e9verser dans une citerne de 10.000 litres. Une&#8230;<\/p>\n","protected":false},"author":1,"featured_media":0,"parent":0,"menu_order":0,"comment_status":"closed","ping_status":"closed","template":"","meta":{"_kadence_starter_templates_imported_post":false,"_kad_post_transparent":"","_kad_post_title":"","_kad_post_layout":"","_kad_post_sidebar_id":"","_kad_post_content_style":"","_kad_post_vertical_padding":"","_kad_post_feature":"","_kad_post_feature_position":"","_kad_post_header":false,"_kad_post_footer":false,"_kad_post_classname":"","footnotes":""},"class_list":["post-130","page","type-page","status-publish","hentry"],"_links":{"self":[{"href":"http:\/\/awenne.famille-somers.be\/index.php\/wp-json\/wp\/v2\/pages\/130","targetHints":{"allow":["GET"]}}],"collection":[{"href":"http:\/\/awenne.famille-somers.be\/index.php\/wp-json\/wp\/v2\/pages"}],"about":[{"href":"http:\/\/awenne.famille-somers.be\/index.php\/wp-json\/wp\/v2\/types\/page"}],"author":[{"embeddable":true,"href":"http:\/\/awenne.famille-somers.be\/index.php\/wp-json\/wp\/v2\/users\/1"}],"replies":[{"embeddable":true,"href":"http:\/\/awenne.famille-somers.be\/index.php\/wp-json\/wp\/v2\/comments?post=130"}],"version-history":[{"count":1,"href":"http:\/\/awenne.famille-somers.be\/index.php\/wp-json\/wp\/v2\/pages\/130\/revisions"}],"predecessor-version":[{"id":133,"href":"http:\/\/awenne.famille-somers.be\/index.php\/wp-json\/wp\/v2\/pages\/130\/revisions\/133"}],"wp:attachment":[{"href":"http:\/\/awenne.famille-somers.be\/index.php\/wp-json\/wp\/v2\/media?parent=130"}],"curies":[{"name":"wp","href":"https:\/\/api.w.org\/{rel}","templated":true}]}}