{"id":134,"date":"2025-12-12T14:44:09","date_gmt":"2025-12-12T13:44:09","guid":{"rendered":"https:\/\/awenne.famille-somers.be\/?page_id=134"},"modified":"2026-02-05T14:15:31","modified_gmt":"2026-02-05T13:15:31","slug":"eau-potable-eau-dun-puit-de-forage","status":"publish","type":"page","link":"http:\/\/awenne.famille-somers.be\/index.php\/eau-potable-eau-dun-puit-de-forage\/","title":{"rendered":"Eau potable (eau d&rsquo;un puits de forage)"},"content":{"rendered":"\n<p>Un forage, de plus de 60 m\u00e8tres, alimente le chalet en eau (sauf les points aliment\u00e9s par l\u2019eau de citerne).<\/p>\n\n\n\n<p>Il se peut qu\u2019il n\u2019y ait plus d\u2019eau (pression du r\u00e9servoir \u00e0 z\u00e9ro et le t\u00e9moin vert \u2013 1<sup>\u00e8re<\/sup>\u00a0photo &#8211; reste allum\u00e9 \u00e0 c\u00f4t\u00e9 de la citerne sous l\u2019escalier de la cave).<\/p>\n\n\n\n<p>Le relais de protection thermique (qui permet d\u2019\u00e9viter que la pompe tourne trop longtemps \u00e0 vide) de l\u2019interrupteur contr\u00f4l\u00e9 par la pression dans la cuve a peut-\u00eatre saut\u00e9 (bouton noir relev\u00e9)&nbsp;: pousser le bouton noir du relais de protection thermique pour le r\u00e9activer (dernier composant en bas \u00e0 gauche du tableau \u00e9lectrique, encadr\u00e9 orange sur la photo 2).<\/p>\n\n\n\n<p>L\u2019eau revient-elle dans la citerne (la pression \u2013 1<sup>\u00e8re<\/sup>&nbsp;photo &#8211; remonte progressivement jusqu\u2019\u00e0 4 bars)&nbsp;? Si oui, le probl\u00e8me est r\u00e9gl\u00e9.<\/p>\n\n\n\n<p>Si cette op\u00e9ration ne fonctionne pas&nbsp;<strong>couper alors la pompe&nbsp;<\/strong>: redescendre le disjoncteur de la pompe (milieu de la 3<sup>e<\/sup>&nbsp;rang\u00e9e, encadr\u00e9 rouge sur la photo 2) dans le tableau \u00e9lectrique du garage (le t\u00e9moin de la citerne s\u2019\u00e9teint) et r\u00e9essayer quelques heures plus tard (ou le lendemain) pour permettre l&rsquo;eau de revenir en suffisance dans la nappe.<\/p>\n\n\n\n<p><\/p>\n\n\n\n<div class=\"wp-block-columns is-layout-flex wp-container-core-columns-is-layout-9d6595d7 wp-block-columns-is-layout-flex\">\n<div class=\"wp-block-column is-layout-flow wp-block-column-is-layout-flow\" style=\"flex-basis:100%\">\n<figure class=\"wp-block-image size-large is-resized\"><img loading=\"lazy\" decoding=\"async\" width=\"768\" height=\"1024\" src=\"https:\/\/awenne.famille-somers.be\/wp-content\/uploads\/2025\/12\/pompe-pression-citerne-768x1024.jpg\" alt=\"\" class=\"wp-image-139\" style=\"aspect-ratio:0.7500100333105911;width:272px;height:auto\" srcset=\"http:\/\/awenne.famille-somers.be\/wp-content\/uploads\/2025\/12\/pompe-pression-citerne-768x1024.jpg 768w, http:\/\/awenne.famille-somers.be\/wp-content\/uploads\/2025\/12\/pompe-pression-citerne-225x300.jpg 225w, http:\/\/awenne.famille-somers.be\/wp-content\/uploads\/2025\/12\/pompe-pression-citerne-1152x1536.jpg 1152w, http:\/\/awenne.famille-somers.be\/wp-content\/uploads\/2025\/12\/pompe-pression-citerne-1536x2048.jpg 1536w, http:\/\/awenne.famille-somers.be\/wp-content\/uploads\/2025\/12\/pompe-pression-citerne-scaled.jpg 1920w\" sizes=\"auto, (max-width: 768px) 100vw, 768px\" \/><\/figure>\n<\/div>\n<\/div>\n\n\n\n<figure class=\"wp-block-image size-full is-resized\"><img decoding=\"async\" src=\"https:\/\/awenne.famille-somers.be\/wp-content\/uploads\/2025\/12\/awenne-tableau-electrique-coupure-pompe-1.heic\" alt=\"\" class=\"wp-image-213\" style=\"width:289px;height:auto\"\/><\/figure>\n\n\n\n<hr class=\"wp-block-separator has-alpha-channel-opacity\"\/>\n\n\n\n<p><\/p>\n\n\n\n<p>Pour m\u00e9moire : En cas de modification au tableau \u00e9lectrique alt\u00e9rant l&rsquo;ordre des phases (par exemple lors du remplacement du compteur \u00e9lectrique g\u00e9n\u00e9ral), il se peut que le moteur de la pompe ne tourne plus dans le bon sens (la citerne a alors du mal \u00e0 se remplir, parce que la pompe est inefficace \u00e0 cause du mauvais sens de rotation). Il faut alors inverser 2 des trois phases pour r\u00e9tablir le bon sens de rotation.<\/p>\n\n\n\n<p><\/p>\n","protected":false},"excerpt":{"rendered":"<p>Un forage, de plus de 60 m\u00e8tres, alimente le chalet en eau (sauf les points aliment\u00e9s par l\u2019eau de citerne). Il se peut qu\u2019il n\u2019y ait plus d\u2019eau (pression du r\u00e9servoir \u00e0 z\u00e9ro et le t\u00e9moin vert \u2013 1\u00e8re\u00a0photo &#8211; reste allum\u00e9 \u00e0 c\u00f4t\u00e9 de la citerne sous l\u2019escalier de la cave). Le relais de&#8230;<\/p>\n","protected":false},"author":1,"featured_media":0,"parent":0,"menu_order":0,"comment_status":"closed","ping_status":"closed","template":"","meta":{"_kadence_starter_templates_imported_post":false,"_kad_post_transparent":"","_kad_post_title":"","_kad_post_layout":"","_kad_post_sidebar_id":"","_kad_post_content_style":"","_kad_post_vertical_padding":"","_kad_post_feature":"","_kad_post_feature_position":"","_kad_post_header":false,"_kad_post_footer":false,"_kad_post_classname":"","footnotes":""},"class_list":["post-134","page","type-page","status-publish","hentry"],"_links":{"self":[{"href":"http:\/\/awenne.famille-somers.be\/index.php\/wp-json\/wp\/v2\/pages\/134","targetHints":{"allow":["GET"]}}],"collection":[{"href":"http:\/\/awenne.famille-somers.be\/index.php\/wp-json\/wp\/v2\/pages"}],"about":[{"href":"http:\/\/awenne.famille-somers.be\/index.php\/wp-json\/wp\/v2\/types\/page"}],"author":[{"embeddable":true,"href":"http:\/\/awenne.famille-somers.be\/index.php\/wp-json\/wp\/v2\/users\/1"}],"replies":[{"embeddable":true,"href":"http:\/\/awenne.famille-somers.be\/index.php\/wp-json\/wp\/v2\/comments?post=134"}],"version-history":[{"count":7,"href":"http:\/\/awenne.famille-somers.be\/index.php\/wp-json\/wp\/v2\/pages\/134\/revisions"}],"predecessor-version":[{"id":267,"href":"http:\/\/awenne.famille-somers.be\/index.php\/wp-json\/wp\/v2\/pages\/134\/revisions\/267"}],"wp:attachment":[{"href":"http:\/\/awenne.famille-somers.be\/index.php\/wp-json\/wp\/v2\/media?parent=134"}],"curies":[{"name":"wp","href":"https:\/\/api.w.org\/{rel}","templated":true}]}}