{"id":20,"date":"2025-12-11T10:17:47","date_gmt":"2025-12-11T10:17:47","guid":{"rendered":"https:\/\/awenne.famille-somers.be\/index.php\/fermeture\/"},"modified":"2026-02-05T14:40:43","modified_gmt":"2026-02-05T13:40:43","slug":"fermeture","status":"publish","type":"page","link":"http:\/\/awenne.famille-somers.be\/index.php\/fermeture\/","title":{"rendered":"Fermeture"},"content":{"rendered":"\n<ul class=\"wp-block-list\">\n<li>V\u00e9rifier que les ventilations de l&rsquo;insert \u00e0 bois (feu \u00e0 bois)  sont biens ferm\u00e9es (en-dessous sur le bac des cendres et au-dessus de la porte de l&rsquo;insert), pour \u00e9viter que le chalet ne se refroidisse trop vite et pour permettre un chauffage optimum au r\u00e9d\u00e9marrage du chauffage \u00e0 distance<\/li>\n<\/ul>\n\n\n\n<ul class=\"wp-block-list\">\n<li>Rentrer la table de la terrasse<\/li>\n<\/ul>\n\n\n\n<ul class=\"wp-block-list\">\n<li>Mettre les couvre-lits sur les lits<\/li>\n<\/ul>\n\n\n\n<ul class=\"wp-block-list\">\n<li>Sauf en \u00e9t\u00e9, mettre les vannes thermostatiques des radiateurs sur les positions suivantes&nbsp;:\n<ul class=\"wp-block-list\">\n<li>Chambres et WC&nbsp;:&nbsp;&nbsp;sur antigel (*)<\/li>\n\n\n\n<li>Salle de bain&nbsp;: sur 2 (et laisser la porte ouverte)<\/li>\n\n\n\n<li>Living&nbsp;:&nbsp;&nbsp;sur 3<\/li>\n\n\n\n<li>Cuisine&nbsp;: sur 3<\/li>\n<\/ul>\n<\/li>\n<\/ul>\n\n\n\n<ul class=\"wp-block-list\">\n<li>Fermer les portes des chambres. Laisser la porte de la salle de bain ouverte (sauf en \u00e9t\u00e9).<\/li>\n<\/ul>\n\n\n\n<ul class=\"wp-block-list\">\n<li>Ouvrir la porte du lave-vaisselle et la laisser entrouverte avec un essuie de vaisselle ou des maniques<\/li>\n<\/ul>\n\n\n\n<ul class=\"wp-block-list\">\n<li><a href=\"https:\/\/awenne.famille-somers.be\/index.php\/volets-2\/\" data-type=\"page\" data-id=\"177\">Fermer les volets<\/a><\/li>\n<\/ul>\n\n\n\n<ul class=\"wp-block-list\">\n<li><a href=\"https:\/\/awenne.famille-somers.be\/index.php\/thermostat\/\" data-type=\"page\" data-id=\"80\">D\u00e9sactiver l&rsquo;eau chaude et le chauffage<\/a><\/li>\n<\/ul>\n\n\n\n<ul class=\"wp-block-list\">\n<li><a href=\"https:\/\/awenne.famille-somers.be\/wp-content\/uploads\/2025\/12\/eau-de-pluie.jpg\" data-type=\"attachment\" data-id=\"77\">Fermer l&rsquo;eau de la citerne d&rsquo;eau de pluie<\/a><\/li>\n<\/ul>\n\n\n\n<ul class=\"wp-block-list\">\n<li>Si le <a href=\"https:\/\/awenne.famille-somers.be\/index.php\/frigos\/\" data-type=\"page\" data-id=\"171\">frigo de la cave<\/a> ne fonctionne pas, v\u00e9rifier que la porte du frigo (et pas du cong\u00e9lateur) est ouverte<\/li>\n<\/ul>\n\n\n\n<ul class=\"wp-block-list\">\n<li><a href=\"https:\/\/awenne.famille-somers.be\/index.php\/fermeture-de-lelectricite\/\" data-type=\"page\" data-id=\"225\">Fermer le courant \u00e9lectrique<\/a><\/li>\n<\/ul>\n\n\n\n<ul class=\"wp-block-list\">\n<li>Fermer le garage\n<ol class=\"wp-block-list\">\n<li class=\"has-theme-palette-13-color has-text-color has-link-color wp-elements-8f0c6c7e229c7307feae62272c93fd3a\">V\u00e9rifications tr\u00e8s importantes\n<ul class=\"wp-block-list\">\n<li class=\"has-theme-palette-3-color has-text-color has-link-color wp-elements-0ce721e8728b731fc3498ff2decfeb18\">V\u00e9rifier que rien n\u2019obstrue les cordes des barres de la porte du garage (que rien n\u2019est dans le passage des ficelles) sinon, on risque de ne plus savoir ouvrir le chalet\u00a0!!!<\/li>\n\n\n\n<li class=\"has-theme-palette-3-color has-text-color has-link-color wp-elements-89594e009028f8b32444ea2f4c5697b4\">V\u00e9rifier que le boitier \u00e9lectrique \u00e0 l&rsquo;ext\u00e9rieur \u00e0 droite sous la terrasse soit bien ferm\u00e9 \u00e0 l&rsquo;aide des 2 boulons papillons sup\u00e9rieurs (si ce n&rsquo;est pas le cas, refaire les \u00e9tapes 5 et 6 de la <a href=\"https:\/\/awenne.famille-somers.be\/index.php\/porte-de-garage\/\" data-type=\"page\" data-id=\"57\">proc\u00e9dure d&rsquo;ouverture de la porte de garage<\/a>)<\/li>\n<\/ul>\n<\/li>\n\n\n\n<li>Sortir et fermer la porte \u00e0 cl\u00e9<\/li>\n\n\n\n<li>Mettre les barres en tirant sur les 2 ficelles<\/li>\n\n\n\n<li>Rentrer les 2 ficelles et bien remettre les caches<\/li>\n<\/ol>\n<\/li>\n<\/ul>\n\n\n\n<figure class=\"wp-block-image size-full is-resized\"><img loading=\"lazy\" decoding=\"async\" width=\"748\" height=\"501\" src=\"https:\/\/awenne.famille-somers.be\/wp-content\/uploads\/2025\/12\/garage-porte.jpg\" alt=\"\" class=\"wp-image-112\" style=\"width:573px;height:auto\" srcset=\"http:\/\/awenne.famille-somers.be\/wp-content\/uploads\/2025\/12\/garage-porte.jpg 748w, http:\/\/awenne.famille-somers.be\/wp-content\/uploads\/2025\/12\/garage-porte-300x201.jpg 300w\" sizes=\"auto, (max-width: 748px) 100vw, 748px\" \/><\/figure>\n\n\n\n<ul class=\"wp-block-list\">\n<li>Fermer la <a href=\"https:\/\/awenne.famille-somers.be\/index.php\/cloture-electrique\/\" data-type=\"page\" data-id=\"54\">cl\u00f4ture \u00e9lectrique<\/a><\/li>\n<\/ul>\n\n\n\n<ul class=\"wp-block-list\">\n<li>Fermer le chemin avec la chaine<\/li>\n<\/ul>\n\n\n\n<figure class=\"wp-block-image size-large is-resized\"><img loading=\"lazy\" decoding=\"async\" width=\"1024\" height=\"576\" src=\"https:\/\/awenne.famille-somers.be\/wp-content\/uploads\/2025\/12\/chemin-prive-1024x576.jpg\" alt=\"\" class=\"wp-image-241\" style=\"width:503px;height:auto\" srcset=\"http:\/\/awenne.famille-somers.be\/wp-content\/uploads\/2025\/12\/chemin-prive-1024x576.jpg 1024w, http:\/\/awenne.famille-somers.be\/wp-content\/uploads\/2025\/12\/chemin-prive-300x169.jpg 300w, http:\/\/awenne.famille-somers.be\/wp-content\/uploads\/2025\/12\/chemin-prive-768x432.jpg 768w, http:\/\/awenne.famille-somers.be\/wp-content\/uploads\/2025\/12\/chemin-prive-1536x864.jpg 1536w, http:\/\/awenne.famille-somers.be\/wp-content\/uploads\/2025\/12\/chemin-prive-2048x1152.jpg 2048w\" sizes=\"auto, (max-width: 1024px) 100vw, 1024px\" \/><\/figure>\n","protected":false},"excerpt":{"rendered":"","protected":false},"author":1,"featured_media":0,"parent":0,"menu_order":2,"comment_status":"closed","ping_status":"closed","template":"","meta":{"_kadence_starter_templates_imported_post":false,"_kad_post_transparent":"","_kad_post_title":"","_kad_post_layout":"","_kad_post_sidebar_id":"","_kad_post_content_style":"","_kad_post_vertical_padding":"","_kad_post_feature":"","_kad_post_feature_position":"","_kad_post_header":false,"_kad_post_footer":false,"_kad_post_classname":"","footnotes":""},"class_list":["post-20","page","type-page","status-publish","hentry"],"_links":{"self":[{"href":"http:\/\/awenne.famille-somers.be\/index.php\/wp-json\/wp\/v2\/pages\/20","targetHints":{"allow":["GET"]}}],"collection":[{"href":"http:\/\/awenne.famille-somers.be\/index.php\/wp-json\/wp\/v2\/pages"}],"about":[{"href":"http:\/\/awenne.famille-somers.be\/index.php\/wp-json\/wp\/v2\/types\/page"}],"author":[{"embeddable":true,"href":"http:\/\/awenne.famille-somers.be\/index.php\/wp-json\/wp\/v2\/users\/1"}],"replies":[{"embeddable":true,"href":"http:\/\/awenne.famille-somers.be\/index.php\/wp-json\/wp\/v2\/comments?post=20"}],"version-history":[{"count":20,"href":"http:\/\/awenne.famille-somers.be\/index.php\/wp-json\/wp\/v2\/pages\/20\/revisions"}],"predecessor-version":[{"id":273,"href":"http:\/\/awenne.famille-somers.be\/index.php\/wp-json\/wp\/v2\/pages\/20\/revisions\/273"}],"wp:attachment":[{"href":"http:\/\/awenne.famille-somers.be\/index.php\/wp-json\/wp\/v2\/media?parent=20"}],"curies":[{"name":"wp","href":"https:\/\/api.w.org\/{rel}","templated":true}]}}