{"id":285,"date":"2026-03-20T10:56:36","date_gmt":"2026-03-20T09:56:36","guid":{"rendered":"https:\/\/awenne.famille-somers.be\/?page_id=285"},"modified":"2026-03-20T10:56:36","modified_gmt":"2026-03-20T09:56:36","slug":"faire-son-pain","status":"publish","type":"page","link":"http:\/\/awenne.famille-somers.be\/index.php\/faire-son-pain\/","title":{"rendered":"Faire son pain"},"content":{"rendered":"\n<p><strong>Pour faire du pain \u2013 minimum 5h<\/strong> :<\/p>\n\n\n\n<p>La machine \u00e0 pain est dans les armoires au-dessus du four, la premi\u00e8re \u00e0 gauche.<br>La cuill\u00e8re en plastique \u00e0 deux embouts (petit et grand) pour mesurer le sel, l&rsquo;huile et la levure se trouve dans le tiroir sous la taque de cuisson.<br>Il est pratique de faire les mesures pour l&rsquo;eau et la farine en pla\u00e7ant la cuve sur la balance (tiroir sous le percolateur), appuyer sur la \u00ab\u00a0tare\u00a0\u00bb de la balance pour commencer une mesure.<\/p>\n\n\n\n<ul class=\"wp-block-list\">\n<li>V\u00e9rifier que l\u2019h\u00e9lice est bien dans le fond de la cuve<\/li>\n\n\n\n<li>Mettre dans la cuve,\u00a0dans l\u2019ordre, et sans m\u00e9langer\u00a0:\n<ul class=\"wp-block-list\">\n<li>420 ml d\u2019eau (400 ml si farine d&rsquo;\u00e9peautre)<\/li>\n\n\n\n<li>2 x petit c\u00f4t\u00e9 de la cuill\u00e8re de sel<\/li>\n\n\n\n<li>2 x grand c\u00f4t\u00e9 de la cuill\u00e8re d\u2019huile d\u2019olives<\/li>\n\n\n\n<li>600 gr de farine<\/li>\n\n\n\n<li>3 x petit c\u00f4t\u00e9 de la cuill\u00e8re de levure s\u00e8che (elle ne peut pas \u00eatre en contact avec l\u2019eau)<\/li>\n<\/ul>\n<\/li>\n<\/ul>\n\n\n\n<ul class=\"wp-block-list\">\n<li>Mettre la cuve dans la machine<\/li>\n\n\n\n<li>Fermer le couvercle de la machine<\/li>\n\n\n\n<li>Mettre la prise de courant (0:00 appara\u00eet)<\/li>\n\n\n\n<li>Pousser sur option (4:00 appara\u00eet)<\/li>\n\n\n\n<li>Pousser sur select (5:00 appara\u00eet + fl\u00e8che sur whole wheat)<\/li>\n\n\n\n<li>Pousser sur timer autant de fois que n\u00e9cessaire pour arriver \u00e0 l\u2019heure de fin de cuisson voulue (temps, en heures\/minutes jusque l&rsquo;heure voulue)<\/li>\n\n\n\n<li>Pousser sur start<\/li>\n<\/ul>\n\n\n\n<p>Retirer le pain de la cuve quant c\u2019est termin\u00e9 et laisser refroidir un peu\u2026&nbsp;<\/p>\n\n\n\n<p>Bon app\u00e9tit&nbsp;!<\/p>\n","protected":false},"excerpt":{"rendered":"<p>Pour faire du pain \u2013 minimum 5h : La machine \u00e0 pain est dans les armoires au-dessus du four, la premi\u00e8re \u00e0 gauche.La cuill\u00e8re en plastique \u00e0 deux embouts (petit et grand) pour mesurer le sel, l&rsquo;huile et la levure se trouve dans le tiroir sous la taque de cuisson.Il est pratique de faire les&#8230;<\/p>\n","protected":false},"author":1,"featured_media":0,"parent":0,"menu_order":0,"comment_status":"closed","ping_status":"closed","template":"","meta":{"_kadence_starter_templates_imported_post":false,"_kad_post_transparent":"","_kad_post_title":"","_kad_post_layout":"","_kad_post_sidebar_id":"","_kad_post_content_style":"","_kad_post_vertical_padding":"","_kad_post_feature":"","_kad_post_feature_position":"","_kad_post_header":false,"_kad_post_footer":false,"_kad_post_classname":"","footnotes":""},"class_list":["post-285","page","type-page","status-publish","hentry"],"_links":{"self":[{"href":"http:\/\/awenne.famille-somers.be\/index.php\/wp-json\/wp\/v2\/pages\/285","targetHints":{"allow":["GET"]}}],"collection":[{"href":"http:\/\/awenne.famille-somers.be\/index.php\/wp-json\/wp\/v2\/pages"}],"about":[{"href":"http:\/\/awenne.famille-somers.be\/index.php\/wp-json\/wp\/v2\/types\/page"}],"author":[{"embeddable":true,"href":"http:\/\/awenne.famille-somers.be\/index.php\/wp-json\/wp\/v2\/users\/1"}],"replies":[{"embeddable":true,"href":"http:\/\/awenne.famille-somers.be\/index.php\/wp-json\/wp\/v2\/comments?post=285"}],"version-history":[{"count":1,"href":"http:\/\/awenne.famille-somers.be\/index.php\/wp-json\/wp\/v2\/pages\/285\/revisions"}],"predecessor-version":[{"id":287,"href":"http:\/\/awenne.famille-somers.be\/index.php\/wp-json\/wp\/v2\/pages\/285\/revisions\/287"}],"wp:attachment":[{"href":"http:\/\/awenne.famille-somers.be\/index.php\/wp-json\/wp\/v2\/media?parent=285"}],"curies":[{"name":"wp","href":"https:\/\/api.w.org\/{rel}","templated":true}]}}